common factor of 6140016 and 28304?
976
What is the highest common divisor of 2002490280 and 7112?
7112
Calculate the greatest common divisor of 124176 and 46606596.
2388
What is the highest common divisor of 6978433 and 66?
11
Calculate the highest common factor of 699 and 12747.
3
Calculate the highest common factor of 36249576 and 12903.
561
What is the highest common factor of 105944 and 12874?
82
What is the highest common factor of 4177731 and 708?
177
Calculate the highest common factor of 3644284 and 314.
314
Calculate the greatest common divisor of 464 and 22255180.
116
What is the greatest common divisor of 64364 and 204?
4
What is the highest common factor of 7514 and 838136?
26
Calculate the greatest common divisor of 821 and 883316363.
821
Calculate the greatest common factor of 1111966447 and 2703.
901
What is the highest common divisor of 996663 and 1041?
3
Calculate the highest common divisor of 484678 and 350678.
134
What is the greatest common factor of 1066 and 277177466?
82
What is the highest common factor of 6520553 and 133?
19
Calculate the greatest common divisor of 12446 and 20828.
254
Calculate the highest common factor of 2390 and 124505377.
239
What is the greatest common factor of 2811778 and 296?
74
What is the highest common divisor of 207210 and 3405?
15
Calculate the greatest common divisor of 254034 and 9999.
99
Calculate the highest common divisor of 4233085 and 2125.
85
Calculate the highest common factor of 73080 and 9846.
18
What is the greatest common factor of 3410 and 5893162?
682
What is the greatest common factor of 141284853 and 11034?
5517
Calculate the highest common divisor of 2871856 and 302224.
208
Calculate the highest common divisor of 17716951 and 126.
7
What is the highest common divisor of 262062087 and 6111?
2037
Calculate the greatest common factor of 7010 and 164630.
10
What is the greatest common factor of 5224 and 688168?
8
What is the greatest common divisor of 9851483 and 102?
17
Calculate the greatest common divisor of 53527648 and 344763.
12769
What is the highest common divisor of 31920064 and 2816?
704
What is the highest common divisor of 1380461758 and 19?
19
Calculate the highest common factor of 68 and 11664346.
34
Calculate the highest common divisor of 107 and 15501839.
107
What is the highest common factor of 2907840 and 1430?
130
What is the greatest common factor of 630 and 22690570?
70
Calculate the highest common divisor of 208000 and 415.
5
Calculate the highest common divisor of 58374 and 10549338.
282
What is the highest common divisor of 4602119 and 44667?
709
Calculate the greatest common factor of 87352 and 17446.
122
Calculate the highest common factor of 16487383 and 11.
11
Calculate the highest common factor of 18400 and 23216200.
4600
Calculate the greatest common factor of 123227 and 208.
13
Calculate the greatest common factor of 7182 and 539714.
266
What is the greatest common divisor of 1674789034 and 986?
986
Calculate the greatest common divisor of 451 and 11452981.
41
What is the highest common factor of 3987 and 72360063?
3987
What is the highest common divisor of 1931873906 and 10298?
10298
What is the greatest common factor of 1884344 and 25256?
616
What is the greatest common divisor of 38064 and 699060?
732
What is the greatest common factor of 61400 and 916088?
2456
Calculate the highest common divisor of 4295676 and 616.
308
What is the greatest common factor of 516 and 1758151965?
129
Calculate the greatest common factor of 4734 and 2762586.
18
What is the highest common factor of 1271913552 and 29?
29
What is the highest common divisor of 438 and 33799?
73
Calculate the highest common factor of 145774150 and 15198.
5066
What is the highest common factor of 36 and 152112429?
9
What is the highest common factor of 14011470 and 119295?
495
What is the highest common divisor of 10328697 and 8532?
711
What is the greatest common divisor of 110076838 and 142?
142
What is the highest common divisor of 6585664 and 36416?
64
What is the greatest common factor of 190665 and 12445?
95
Calculate the highest common divisor of 1001079 and 2634201.
1377
Calculate the greatest common divisor of 4444 and 1104031.
101
Calculate the highest common factor of 72 and 1376199.
9
What is the highest common divisor of 300 and 78770425?
25
Calculate the highest common divisor of 650760 and 459000.
2040
Calculate the highest common divisor of 18089190 and 142290.
4590
Calculate the highest common factor of 33233400 and 18.
18
Calculate the highest common divisor of 1030523991 and 2555.
511
What is the highest common divisor of 34577914 and 2468?
1234
Calculate the greatest common factor of 2385781 and 2648092.
12491
What is the highest common divisor of 1257980 and 3565?
155
What is the highest common divisor of 65547951 and 3122?
1561
Calculate the highest common divisor of 201 and 3108207.
3
Calculate the highest common factor of 1472 and 1702782.
46
Calculate the greatest common factor of 9460 and 107052.
44
What is the greatest common factor of 5080537 and 1232?
77
Calculate the greatest common factor of 4143319 and 5149.
271
Calculate the highest common factor of 2648 and 2752265.
331
Calculate the highest common divisor of 16192 and 4416.
1472
What is the greatest common factor of 106 and 948719186?
106
What is the greatest common divisor of 96 and 3162792?
24
Calculate the greatest common factor of 4484546 and 330.
22
Calculate the highest common divisor of 13 and 708146517.
13
What is the highest common factor of 31208221 and 11?
11
Calculate the highest common factor of 27 and 1688501.
1
Calculate the greatest common divisor of 516 and 521136092.
172
Calculate the greatest common factor of 5644 and 293809708.
5644
Calculate the greatest common divisor of 33691215 and 6.
3
Calculate the greatest common factor of 130 and 39173485.
65
What is the highest common factor of 7060 and 21260?
20
Calculate the highest common factor of 1002489 and 150849.
453
What is the greatest common factor of 181505148 and 132?
132
Calculate the highest common divisor of 117128 and 632.
8
Calculate the highest common factor of 80291 and 41519893.
4723
What is the highest common factor of 1335 and 18222305?
445
What is the greatest common divisor of 1927 and 5464808?
41
What is the greatest common factor of 12 and 11852340?
12
What is the highest common divisor of 16709 and 49643?
11
Calculate the highest common divisor of 47601 and 166324.
43
What is the highest common factor of 31195 and 3137850?
1835
Calculate the greatest common divisor of 450 and 1121562.
18
What is the highest common divisor of 637310 and 140390?
1010
Calculate the highest common divisor of 639026 and 1476.
82
Calculate the highest common factor of 360 and 103998.
6
What is the highest common factor of 11418020 and 40?
20
Calculate the highest common factor of 33715 and 216535.
55
Calculate the greatest common divisor of 235 and 1080766222.
47
Calculate the highest common divisor of 3381 and 4769562.
147
What is the highest common divisor of 3240 and 14995?
5
What is the greatest common divisor of 2841 and 33458457?
2841
Calculate the greatest common factor of 798 and 17946944.
38
What is the highest common divisor of 1729530506 and 2696?
674
Calculate the highest common divisor of 120466848 and 40.
8
Calculate the greatest common divisor of 613886 and 364.
182
Calculate the greatest common factor of 10026 and 328344.
6
Calculate the greatest common divisor of 2988 and 49341342.
498
What is the greatest common factor of 106961153 and 26?
13
What is the greatest common divisor of 10470516 and 12?
12
Calculate the highest common divisor of 7291664 and 882191.
4181
Calculate the highest common divisor of 136182156 and 24.
12
What is the highest common divisor of 371 and 42586348?
371
What is the greatest common factor of 5099624 and 31?
31
Calculate the greatest common factor of 24304 and 283619.
217
What is the highest common divisor of 32900 and 14466788?
1316
Calculate the greatest common factor of 18073382 and 14285.
2857
Calculate the greatest common factor of 69786452 and 4467.
1489
What is the greatest common divisor of 266779450 and 350?
350
Calculate the highest common divisor of 44794604 and 2172.
724